 divided by 51?
36
Calculate the remainder when 4321 is divided by 46.
43
Calculate the remainder when 18 is divided by 4.
2
Calculate the remainder when 622 is divided by 316.
306
What is the remainder when 11541 is divided by 111?
108
What is the remainder when 528 is divided by 60?
48
What is the remainder when 22 is divided by 3?
1
What is the remainder when 372 is divided by 90?
12
Calculate the remainder when 232 is divided by 86.
60
Calculate the remainder when 80 is divided by 28.
24
What is the remainder when 17293 is divided by 186?
181
What is the remainder when 388 is divided by 6?
4
What is the remainder when 268 is divided by 9?
7
What is the remainder when 72 is divided by 38?
34
Calculate the remainder when 198 is divided by 86.
26
What is the remainder when 11397 is divided by 100?
97
What is the remainder when 1561 is divided by 157?
148
What is the remainder when 13 is divided by 5?
3
What is the remainder when 72 is divided by 16?
8
Calculate the remainder when 10157 is divided by 6.
5
Calculate the remainder when 449 is divided by 50.
49
What is the remainder when 129 is divided by 50?
29
Calculate the remainder when 652 is divided by 42.
22
What is the remainder when 3846 is divided by 1281?
3
Calculate the remainder when 409 is divided by 65.
19
What is the remainder when 1094 is divided by 44?
38
What is the remainder when 1344 is divided by 283?
212
What is the remainder when 545 is divided by 37?
27
Calculate the remainder when 9553 is divided by 17.
16
Calculate the remainder when 1657 is divided by 13.
6
What is the remainder when 685 is divided by 72?
37
Calculate the remainder when 231 is divided by 26.
23
What is the remainder when 641 is divided by 102?
29
What is the remainder when 164 is divided by 46?
26
What is the remainder when 139 is divided by 22?
7
Calculate the remainder when 49 is divided by 3.
1
Calculate the remainder when 168 is divided by 59.
50
Calculate the remainder when 29046 is divided by 69.
66
Calculate the remainder when 26 is divided by 14.
12
Calculate the remainder when 434 is divided by 218.
216
What is the remainder when 4992 is divided by 15?
12
What is the remainder when 176 is divided by 12?
8
Calculate the remainder when 84 is divided by 18.
12
What is the remainder when 9017 is divided by 16?
9
Calculate the remainder when 529 is divided by 28.
25
What is the remainder when 118 is divided by 15?
13
What is the remainder when 1886 is divided by 125?
11
What is the remainder when 58 is divided by 9?
4
Calculate the remainder when 1938 is divided by 26.
14
What is the remainder when 80 is divided by 35?
10
What is the remainder when 180 is divided by 26?
24
What is the remainder when 5186 is divided by 133?
132
Calculate the remainder when 138 is divided by 35.
33
What is the remainder when 2044 is divided by 31?
29
Calculate the remainder when 45 is divided by 10.
5
Calculate the remainder when 159 is divided by 32.
31
Calculate the remainder when 2012 is divided by 106.
104
What is the remainder when 85 is divided by 20?
5
Calculate the remainder when 642 is divided by 285.
72
What is the remainder when 194 is divided by 58?
20
What is the remainder when 338 is divided by 23?
16
Calculate the remainder when 2892 is divided by 111.
6
What is the remainder when 1649 is divided by 782?
85
Calculate the remainder when 304 is divided by 14.
10
What is the remainder when 3223 is divided by 15?
13
What is the remainder when 4892 is divided by 55?
52
What is the remainder when 307 is divided by 98?
13
Calculate the remainder when 308 is divided by 31.
29
Calculate the remainder when 2309 is divided by 61.
52
What is the remainder when 122 is divided by 65?
57
Calculate the remainder when 692 is divided by 24.
20
Calculate the remainder when 1943 is divided by 8.
7
What is the remainder when 137 is divided by 48?
41
Calculate the remainder when 282 is divided by 60.
42
What is the remainder when 738 is divided by 733?
5
What is the remainder when 636 is divided by 207?
15
What is the remainder when 1103 is divided by 55?
3
Calculate the remainder when 3187 is divided by 110.
107
Calculate the remainder when 124 is divided by 34.
22
Calculate the remainder when 149 is divided by 31.
25
Calculate the remainder when 218 is divided by 45.
38
What is the remainder when 768 is divided by 70?
68
Calculate the remainder when 45 is divided by 27.
18
What is the remainder when 324 is divided by 82?
78
What is the remainder when 927 is divided by 305?
12
Calculate the remainder when 158 is divided by 51.
5
What is the remainder when 5451 is divided by 19?
17
What is the remainder when 47 is divided by 36?
11
What is the remainder when 307 is divided by 12?
7
Calculate the remainder when 593 is divided by 27.
26
Calculate the remainder when 99 is divided by 42.
15
Calculate the remainder when 74 is divided by 20.
14
What is the remainder when 1516 is divided by 52?
8
Calculate the remainder when 884 is divided by 225.
209
What is the remainder when 402 is divided by 37?
32
Calculate the remainder when 466 is divided by 60.
46
Calculate the remainder when 1514 is divided by 11.
7
What is the remainder when 2134 is divided by 238?
230
Calculate the remainder when 113 is divided by 14.
1
Calculate the remainder when 129 is divided by 37.
18
Calculate the remainder when 345 is divided by 116.
113
Calculate the remainder when 526 is divided by 67.
57
What is the remainder when 3189 is divided by 290?
289
Calculate the remainder when 476 is divided by 98.
84
What is the remainder when 109 is divided by 38?
33
Calculate the remainder when 527 is divided by 260.
7
Calculate the remainder when 361 is divided by 3.
1
What is the remainder when 286 is divided by 92?
10
What is the remainder when 337 is divided by 17?
14
Calculate the remainder when 926 is divided by 211.
82
What is the remainder when 1646 is divided by 8?
6
What is the remainder when 133 is divided by 5?
3
Calculate the remainder when 25 is divided by 16.
9
Calculate the remainder when 982 is divided by 23.
16
Calculate the remainder when 273 is divided by 92.
89
What is the remainder when 289 is divided by 91?
16
What is the remainder when 280 is divided by 94?
92
What is the remainder when 14 is divided by 4?
2
Calculate the remainder when 16 is divided by 10.
6
Calculate the remainder when 268 is divided by 34.
30
What is the remainder when 172 is divided by 37?
24
What is the remainder when 290 is divided by 70?
10
What is the remainder when 2190 is divided by 146?
0
Calculate the remainder when 110 is divided by 9.
2
Calculate the remainder when 4549 is divided by 1136.
5
Calculate the remainder when 514 is divided by 37.
33
What is the remainder when 355 is divided by 80?
35
What is the remainder when 130 is divided by 56?
18
Calculate the remainder when 15 is divided by 10.
5
What is the remainder when 135 is divided by 26?
5
What is the remainder when 749 is divided by 25?
24
Calculate the remainder when 128 is divided by 37.
17
What is the remainder when 236 is divided by 64?
44
What is the remainder when 2372 is divided by 392?
20
What is the remainder when 11294 is divided by 32?
30
Calculate the remainder when 535 is divided by 280.
255
What is the remainder when 166 is divided by 19?
14
What is the remainder when 12122 is divided by 28?
26
Calculate the remainder when 96 is divided by 20.
16
Calculate the remainder when 140 is divided by 48.
44
Calculate the remainder when 194 is divided by 69.
56
What is the remainder when 199 is divided by 67?
65
What is the remainder when 7857 is divided by 262?
259
What is the remainder when 82 is divided by 12?
10
What is the remainder when 700 is divided by 88?
84
Calculate the remainder when 401 is divided by 213.
188
What is the remainder when 278 is divided by 56?
54
Calculate the remainder when 209 is divided by 116.
93
Calculate the remainder when 24 is divided by 2.
0
Calculate the remainder when 519 is divided by 135.
114
Calculate the remainder when 104 is divided by 9.
5
Calculate the remainder when 57 is divided by 31.
26
What is the remainder when 1284 is divided by 17?
9
Calculate the remainder when 136 is divided by 47.
42
What is the remainder when 3031 is divided by 1512?
7